 5, 11, 419, 449
What are the prime factors of 47035?
5, 23, 409
List the prime factors of 954624.
2, 3, 11, 113
List the prime factors of 2153860.
2, 5, 107693
What are the prime factors of 892411?
13, 19, 3613
What are the prime factors of 2668424?
2, 11, 30323
What are the prime factors of 4680525?
3, 5, 17, 3671
What are the prime factors of 87339?
3, 7, 4159
List the prime factors of 476841.
3, 53, 2999
List the prime factors of 625903.
83, 7541
What are the prime factors of 964540?
2, 5, 29, 1663
What are the prime factors of 24653055?
3, 5, 7, 234791
What are the prime factors of 12529041?
3, 7, 53, 11257
List the prime factors of 1828395.
3, 5, 41, 991
List the prime factors of 5352128.
2, 241, 347
What are the prime factors of 346627?
346627
What are the prime factors of 101282?
2, 89, 569
What are the prime factors of 31345019?
31345019
What are the prime factors of 701108?
2, 175277
What are the prime factors of 249485?
5, 41, 1217
What are the prime factors of 329661?
3, 36629
What are the prime factors of 4299433?
4299433
What are the prime factors of 15588760?
2, 5, 11, 71, 499
What are the prime factors of 801069?
3, 257, 1039
What are the prime factors of 6528363?
3, 2176121
List the prime factors of 151647.
3, 50549
What are the prime factors of 23016592?
2, 1438537
List the prime factors of 2952706.
2, 547, 2699
What are the prime factors of 15808?
2, 13, 19
List the prime factors of 3469174.
2, 41, 42307
List the prime factors of 1079431.
1079431
List the prime factors of 156361.
156361
List the prime factors of 461604.
2, 3, 11, 13, 269
List the prime factors of 651804.
2, 3, 29, 1873
What are the prime factors of 234277?
17, 13781
What are the prime factors of 1230073?
13, 94621
List the prime factors of 8097339.
3, 37, 72949
What are the prime factors of 6676014?
2, 3, 67, 16607
What are the prime factors of 10164863?
10164863
List the prime factors of 162574.
2, 29, 2803
List the prime factors of 1295748.
2, 3, 35993
What are the prime factors of 66735?
3, 5, 1483
What are the prime factors of 287652?
2, 3, 23971
What are the prime factors of 386773?
29, 13337
List the prime factors of 9032483.
9032483
List the prime factors of 9444460.
2, 5, 31, 15233
What are the prime factors of 21804?
2, 3, 23, 79
What are the prime factors of 23991?
3, 11, 727
List the prime factors of 1984596.
2, 3, 165383
What are the prime factors of 70384?
2, 53, 83
List the prime factors of 256223.
11, 23293
List the prime factors of 179961.
3, 223, 269
List the prime factors of 31502403.
3, 263, 13309
What are the prime factors of 2329319?
2329319
What are the prime factors of 2172739?
151, 14389
List the prime factors of 1932977.
149, 12973
List the prime factors of 3941.
7, 563
What are the prime factors of 667315?
5, 11, 1103
What are the prime factors of 4488591?
3, 29, 51593
List the prime factors of 9279987.
3, 227, 13627
What are the prime factors of 14077?
7, 2011
What are the prime factors of 177274?
2, 151, 587
List the prime factors of 1208188.
2, 41, 53, 139
List the prime factors of 441460.
2, 5, 22073
What are the prime factors of 11264695?
5, 13, 13331
List the prime factors of 354219.
3, 71, 1663
What are the prime factors of 39016024?
2, 4877003
What are the prime factors of 10898347?
313, 34819
List the prime factors of 1024474.
2, 11, 46567
What are the prime factors of 10272808?
2, 7, 13, 103, 137
What are the prime factors of 371998?
2, 11, 37, 457
What are the prime factors of 994835?
5, 198967
List the prime factors of 30156716.
2, 7539179
What are the prime factors of 225921?
3, 75307
List the prime factors of 1121652.
2, 3, 7, 4451
List the prime factors of 318622.
2, 159311
List the prime factors of 815203.
41, 59, 337
What are the prime factors of 380020?
2, 5, 19001
What are the prime factors of 19478152?
2, 73, 33353
List the prime factors of 12804258.
2, 3, 191, 11173
List the prime factors of 8765515.
5, 11, 197, 809
What are the prime factors of 172436?
2, 11, 3919
What are the prime factors of 1349295?
3, 5, 23, 3911
List the prime factors of 26392432.
2, 11, 17, 8821
What are the prime factors of 4255673?
4255673
List the prime factors of 1567488.
2, 3, 13, 157
What are the prime factors of 5774203?
17, 339659
What are the prime factors of 28271717?
97, 223, 1307
What are the prime factors of 458172?
2, 3, 11, 13, 89
List the prime factors of 24676957.
41, 223, 2699
List the prime factors of 177794.
2, 88897
What are the prime factors of 139143?
3, 46381
What are the prime factors of 1027319?
1027319
List the prime factors of 491249.
11, 17, 37, 71
What are the prime factors of 7041?
3, 2347
List the prime factors of 2677845.
3, 5, 167, 1069
What are the prime factors of 709384?
2, 13, 19, 359
What are the prime factors of 496140?
2, 3, 5, 8269
List the prime factors of 8363655.
3, 5, 107, 193
What are the prime factors of 5707108?
2, 11, 129707
List the prime factors of 5521452.
2, 3, 127, 3623
List the prime factors of 30224277.
3, 23, 146011
List the prime factors of 14421.
3, 11, 19, 23
List the prime factors of 2193913.
47, 46679
List the prime factors of 6468844.
2, 1617211
What are the prime factors of 3786786?
2, 3, 79, 2663
What are the prime factors of 1425827?
13, 67, 1637
What are the prime factors of 6485059?
7, 926437
What are the prime factors of 352430?
2, 5, 13, 2711
List the prime factors of 1813983.
3, 604661
List the prime factors of 92915.
5, 18583
List the prime factors of 263963.
7, 5387
List the prime factors of 474539.
13, 173, 211
What are the prime factors of 156645?
3, 5, 59
What are the prime factors of 12224864?
2, 103, 3709
What are the prime factors of 106159?
53, 2003
What are the prime factors of 734105?
5, 41, 3581
What are the prime factors of 5522530?
2, 5, 13, 23, 1847
What are the prime factors of 7524861?
3, 89, 28183
List the prime factors of 581206.
2, 71, 4093
What are the prime factors of 28693420?
2, 5, 7, 19, 23, 67
List the prime factors of 106942.
2, 11, 4861
List the prime factors of 13973414.
2, 7, 13, 76777
What are the prime factors of 2775883?
11, 409, 617
What are the prime factors of 11540664?
2, 3, 23, 101
List the prime factors of 214474.
2, 13, 73, 113
What are the prime factors of 27159948?
2, 3, 17, 4931
List the prime factors of 1719278.
2, 11, 17, 4597
What are the prime factors of 1654595?
5, 29, 11411
What are the prime factors of 90564?
2, 3, 7547
List the prime factors of 7263383.
7263383
What are the prime factors of 5134211?
499, 10289
What are the prime factors of 9895521?
3, 47, 70181
What are the prime factors of 1987988?
2, 496997
What are the prime factors of 260464?
2, 73, 223
What are the prime factors of 41074?
2, 11, 1867
What are the prime factors of 720470?
2, 5, 72047
What are the prime factors of 300647?
300647
List the prime factors of 11251962.
2, 3, 625109
List the prime factors of 39061078.
2, 7, 2790077
List the prime factors of 9025448.
2, 1128181
List the prime factors of 603076.
2, 150769
List the prime factors of 1243621.
467, 2663
List the prime factors of 3251976.
2, 3, 7, 13, 1489
List the prime factors of 460620.
2, 3, 5, 853
List the prime factors of 3118099.
3118099
List the prime factors of 1752259.
1201, 1459
List the prime factors of 12072931.
13, 67, 83, 167
What are the prime factors of 2618779?
2618779
What are the prime factors of 2158944?
2, 3, 43, 523
List the prime factors of 169688.
2, 21211
List the prime factors of 213537.
3, 17, 53, 79
List the prime factors of 3086930.
2, 5, 7, 11, 19, 211
What are the prime factors of 13667?
79, 173
List the prime factors of 653779.
7, 59, 1583
What are the prime factors of 10769289?
3, 3589763
List the prime factors of 8152260.
2, 3, 5, 83, 1637
What are the prime factors of 213456?
2, 3, 4447
What are the prime factors of 4028021?
103, 39107
List the prime factors of 6700299.
3, 2233433
List the prime factors of 38981690.
2, 5, 11, 389, 911
What are the prime factors of 842276?
2, 29, 53, 137
What are the prime factors of 3282311?
31, 113, 937
What are the prime factors of 16505756?
2, 19, 29, 7489
What are the prime factors of 290422?
2, 11, 43, 307
List the prime factors of 5742307.
241, 23827
List the prime factors of 204100.
2, 5, 13, 157
List the prime fa